*n = g, -x - 5*n = -7*n + 10. Give d(x).
13
Let p(j) be the first derivative of 25 - 1/4*j**4 - 5/2*j**2 + 4*j + 2*j**3. Suppose u - 51 + 47 = 0. Give p(u).
16
Let u(g) = g**3 + 5*g**2 + 3*g + 8. Let f = 49 + -32. Let v = 12 - f. Let j be u(v). Let r(b) = -b**2 - 7*b + 1. What is r(j)?
1
Suppose 2*i + 16 = 4*i. Let r(s) = -9 - 47*s - 81*s - 81*s - 74*s + 286*s - 2. Give r(i).
13
Let p(s) = 2*s + 9. Let c be 27/18 - 2/4. Let k = 13 - c. Let a(z) = -z**2 + 11*z + 6. Let t be a(k). What is p(t)?
-3
Let x(j) = j**3 - j**2 + 4*j - 8. Let v(w) = -2*w**3 + 4*w**2 - 10*w + 16. Let c(m) = 4*v(m) + 7*x(m). Calculate c(6).
44
Let m(a) = 4. Let k(v) = -v - 22. Let x = 822 - 821. Let t(j) = x*k(j) + 6*m(j). What is t(5)?
-3
Let c(p) be the second derivative of p**5/20 + 3*p**4/4 + 5*p**3/3 + 2*p**2 - p. Let t = 266 - 260. Let w be -8*4*(t - (-115)/(-20)). Give c(w).
-12
Suppose -6*x - 9 = -75. Let m(u) be the second derivative of -u**3/6 + u**2 - 15*u. Give m(x).
-9
Suppose 0*v = v - 2*u + 1, -3*v = u + 10. Let a(p) = -26*p - 2 + 16*p + 39*p - 30*p. Give a(v).
1
Let g(v) = -6*v + 8. Let x = -34 - -42. Let f be g(x). Let a = 44 + f. Let m(t) = -3*t - 1. What is m(a)?
-13
Let y(v) = 0*v - 7*v + 2 + 3*v + 5*v - 3*v. Calculate y(-1).
4
Let l(o) = -3*o**2 + 2*o + 2. Let m(k) = 2*k**2 - 30*k - 22. Let c be m(17). Suppose c + 15 = -g. Let h = g + 59. Determine l(h).
-14
Let c(n) be the second derivative of -5/2*n**2 + 27*n - 1 - 5/6*n**3. What is c(-2)?
5
Let y(m) = m**3 + m**2 + m - 9. Suppose -2*s + 4*p + 0*p = 24, -2*p - 2 = 0. Let b(g) = g**2 + 14*g. Let w be b(s). Give y(w).
-9
Suppose 0 = -p - 5, 5*b + 2 = -4*p - 8. Let v(w) = 290 - 138 - 147 - 9*w - w**b. Calculate v(-10).
-5
Let g(w) be the first derivative of w**4/4 - 13*w**3/3 + 3*w**2/2 - 22*w + 3655. Calculate g(13).
17
Let w(q) = -4*q - 23. Let z be w(-12). Let c(j) = z*j - j**2 + j**3 + 27 + 13*j**2 + 0*j**3 - 5 - 23*j. Determine c(-12).
-2
Let h(p) = p**3 - 15*p**2 + 13*p + 6. Suppose -6*g + 9 = -3*o, 3*o + 3*g + 15 = -2*o. Let z be 3*o/(150/28 - 6). What is h(z)?
-8
Let t(p) = p - 3. Suppose 8*d + 400 + 368 = 0. Let b = 99 + d. Give t(b).
0
Let r(m) = m**3 - 5*m**2 + 10*m - 30. Suppose -67*d + 232 = -76 + 40. Determine r(d).
-6
Let l(z) = z - 10. Let w(v) = 30*v**2 + 1018*v - 62. Let s be w(-34). Calculate l(s).
-4
Let v(z) = 21*z - 7*z**2 + 18*z**2 - 14*z**2 - 198 - 228 + 390. Give v(5).
-6
Let x = -7 + 7. Let m(k) = k - 1 - 447903*k**2 + 447904*k**2 + 1 - 4. Calculate m(x).
-4
Let j be (1 - 13)*(-18)/(-27) + 4. Let m(t) = t**3 + 5*t**2 + 6*t + 19. Calculate m(j).
11
Let p(y) be the second derivative of y**3/6 - 13*y**2 + 288*y. Determine p(14).
-12
Let i(p) = 0*p - 3674 + 3904 + 32*p. Calculate i(-7).
6
Let b(u) = 5*u**3 - 4*u**2 - 12*u - 19. Let n(q) = -4*q**3 + 6*q**2 + 11*q + 19. Let f(h) = 2*b(h) + 3*n(h). Let m be f(6). Let o(s) = 10*s - 1. Determine o(m).
9
Suppose 0 = -7*f + 10 + 130. Suppose 0 = -7*a + 3*a + f. Suppose -3*h - 6 = -a*h. Let v(p) = -p**2 + p + 2. Give v(h).
-4
Let s(f) be the second derivative of 8*f**3/3 + 7*f**2/2 - 1040*f. Calculate s(-1).
-9
Let f be (-57)/(-7) + (-2)/(-56)*-4. Suppose -f*a = 2*a. Suppose -2*x + 10 = -a*x. Let p(o) = o**3 - 5*o**2 + o - 4. What is p(x)?
1
Let z(h) = -1 - 8*h + 1 - 1. Suppose 2*k - 2 = 5*s - 20, -4*k = 4*s + 8. Suppose -8 = s*t - 10*t. Calculate z(t).
-9
Let p = 2512 - 2510. Let w(s) be the second derivative of -7/2*s**p - 26*s - 1/12*s**4 + 0 - 5/6*s**3. Determine w(-5).
-7
Let a(l) be the first derivative of l**5/60 + 2*l**3/3 + 56*l - 12. Let s(q) be the third derivative of a(q). Suppose 6*i + 8 = 2*i. Give s(i).
-4
Let w(b) = 13*b**2 - 29*b**2 + 18 + 22 + 15*b**2 - 5*b - 12. Give w(-13).
-76
Let x(u) = -13*u - 2. Let s(k) = k**2 + 82*k + 10. Let g(m) = -s(m) - 5*x(m). Suppose w + 4*h = -w - 14, 5*w = -4*h - 65. Determine g(w).
0
Let m(d) be the third derivative of -d**7/2520 + d**6/180 + d**5/40 + 19*d**4/6 - d**3/6 + 5*d**2 - 9*d. Let b(o) be the second derivative of m(o). Give b(6).
-9
Let o = 18260/3 + -6086. Let v(z) be the second derivative of -8*z + 1/2*z**2 - o*z**3 + 0. Determine v(5).
-19
Let l(q) = -q**2 - 36 + 8371*q + 8373*q + 8355*q - 25081*q. What is l(16)?
-4
Let d(u) be the first derivative of -7*u**3/3 + 4*u**2 + 5*u + 108. Let t(z) = 12*z**2 - 14*z - 9. Let g(b) = 5*d(b) + 3*t(b). Give g(5).
13
Let g(l) be the second derivative of 9/2*l**2 + 19*l + 0 - 1/6*l**3. Let n be 0/(6/(-3) + 0). What is g(n)?
9
Let g(b) be the third derivative of b**4/4 - 17*b**3/6 + 22*b**2. Calculate g(4).
7
Let g(u) = 8*u - 22. Suppose 6*b = 36*b - 150. Determine g(b).
18
Let t(y) = -y**3 + 11*y**2 - 4*y - 119. Let k be t(9). Let z(o) = 2*o**3 - 15*o**2 + 9*o - 9. Give z(k).
5
Let z(j) = -j**3 + 1. Let a(h) = 9*h**3 + 3*h - 4. Let y(x) = -a(x) - 6*z(x). Let v = 25197 - 25199. Calculate y(v).
28
Let k be (972/60)/((-16)/(-5) - 3). Let l = k - 86. Let x(i) be the third derivative of i**5/60 + i**4/4 - 13*i**2. Give x(l).
-5
Let z(y) be the second derivative of y**5/20 - 13*y**4/12 - 16*y**3/3 + y**2 + 712*y. What is z(15)?
-28
Let w(g) = 1 - 6*g**3 + 17*g**3 - 12*g**3. Suppose 3*f = 0, -6*t + 5*t + f = -1. Determine w(t).
0
Let g(j) = -j + 72. Let f(r) = -2*r + 73. Let w(z) = -4*f(z) + 5*g(z). Let q be w(0). Let y(t) = q - 122 + 3*t + 58. Determine y(-6).
-14
Let z = -262 - -267. Suppose -3*n - z*x - 43 = -17, 2*x = 4. Let o(p) = -p**2 - 12*p. Calculate o(n).
0
Let p(i) be the third derivative of -1/12*i**5 - 20*i**2 + 1/180*i**6 + 0*i**3 + 0*i + 0 + 1/4*i**4. Let d(b) be the second derivative of p(b). Determine d(7).
18
Let m be 57 + -79 + 30 + -4. Let v(x) = -3*x**2 + 7*x - 8. Determine v(m).
-28
Let z(v) = 4*v + 5*v - 17*v + v**2 + 1 + 9*v. Suppose 4*c - 96 = -2*l, -5*c - 144 = -3*l - 0*c. Let k = l - 49. Determine z(k).
1
Let t = -17 - -17. Suppose 0*u + 4*u = 4*w, -5*w = t. Suppose u = 20*o - 23*o - 12. Let c(v) = v**2 + 5*v. Calculate c(o).
-4
Let f(h) = h**2 + 6*h + 11. Suppose -4*o = -5*c + 40, -o - 4 = c - 3. Suppose 4*v - 5*v + 11 = 4*d, 44 = c*v + 5*d. Suppose 8*l = -v*l - 152. Determine f(l).
27
Let b(t) = 19*t**2 - t - 1. Let n = -2720 + 2722. What is b(n)?
73
Let r(s) be the first derivative of s**4/4 + s**3/2 - 61*s - 24. Let g(k) be the first derivative of r(k). What is g(-2)?
6
Let a(q) = -28*q + 36*q - 34 - 44 + q**2 + 100. Calculate a(-6).
10
Let n = 485 - 483. Let b(d) = -2 + 0 - 166*d + 82*d + 88*d - d**n. Give b(6).
-14
Let f(l) = 2*l**2 + 5*l. Let r be f(-3). Let c(d) = 1222 + d - r*d - 1213. Calculate c(4).
1
Suppose 3*o + 8*o = 66. Suppose 2*c = c + 17. Let f(p) = 3*p - 7. Let j(x) = -x + 2. Let l(y) = c*j(y) + o*f(y). Give l(-8).
-16
Let w(j) = -12*j + 14. Let b = -35 + 41. Let n(r) = -4*r + 5. Suppose 5*g = 6*g + 17. Let h(m) = b*w(m) + g*n(m). Give h(1).
-5
Let v(i) = -3*i**2 + 5*i - 1. Let f be (-256)/(-1152) - (-3 + 4 + (-86)/18). What is v(f)?
-29
Let x(n) = -n**3 + 8*n**2 - 5*n - 8. Let s = -581 + 583. Suppose -18 = -3*f + v, 3*f - 4*v = f + s. Calculate x(f).
6
Let t(c) = c**2 + 33*c + 275. Let z be t(-18). Let u(p) = 5*p + 4. Calculate u(z).
29
Suppose 5*k = 2*u - 1, 2*k = -k + u. Let y(b) = 2*b**3 - 4*b**2 + 8*b + 6. Let n(q) = -q**3 + q**2 - 2*q - 1. Let z(g) = k*y(g) + 3*n(g). Determine z(-3).
15
Let s(d) = 7*d**2 - 16*d + 6. Let n = 445 - 442. Let g(y) = -12*y**2 + 29*y - 11. Let i(x) = n*g(x) + 5*s(x). Let h(l) = -2*l - 2. Let k be h(-3). What is i(k)?
9
Suppose 5 = 66*d - 65*d. Suppose 5*n + 5*h = -d, 3*n + h + 15 = 6. Let q(f) = 3*f. Give q(n).
-12
Let r(u) = -7 + 4 - u + 3. Let y be r(0). Let n(g) be the first derivative of -g**2/2 + 15*g + 2. Determine n(y).
15
Let n be (177 - 7)*(3/(-6) + -3). Let g = -603 - n. Let b(d) = 2*d**2 - 6*d + 1. Let j(k) = -k**2 - k. Let c(w) = -b(w) - 3*j(w). What is c(g)?
-9
Let u be 7*3*(3/30)/(21/35). Let t(z) be the first derivative of 8 + u*z**2 - z. What is t(-2)?
-15
Let y(j) = -j + 8. Let w(m) = -2*m**3 + 4*m**2 + 10*m - 1. Let x be w(3). Let p be 22/x*(-3)/(-6) + 9. Determine y(p).
-2
Suppose -r + 5*w = -39, 2*r + 393 = 3*w + 436. Let s(q) = -11*q + 185. Give s(r).
31
Let z(t) = -t**3 - t**2 - t - 1. Suppose -2*y - 37 = -31. Let w be (4/y*9/(-12))/(-1). Determine z(w).
0
Let n = 583 - 1062. Let q = n + 483. Let m(k) = -k**2 + 7*k - 6. Give m(q).
6
Let x(